et g be w(-2). Let r(t) = 11*t - 97. What is the units digit of r(g)?
2
Let l be (-522)/24*(-3 + 5/15). Let v = 224 - l. What is the units digit of v?
6
Suppose 44837 + 36059 = 18*z - 10*z. What is the hundreds digit of z?
1
Suppose -92*w - 467407 + 4846331 = 0. What is the thousands digit of w?
7
Suppose 1129612 = 51*z - 7*z. What is the hundreds digit of z?
6
Let c = -1260 + 1667. What is the units digit of c?
7
Let f = -675 + 675. Suppose 7*t - 777 + 49 = f. What is the hundreds digit of t?
1
Suppose 0 = -5*j + 4*v + 415, -5*j + 19 = 4*v - 396. Let f = j + -78. Suppose 3*m + 30 = 2*q, 106 = 5*q + f*m - 19. What is the tens digit of q?
2
Let x = 20419 - 18053. What is the hundreds digit of x?
3
Suppose g = -144 - 272. Let r = 971 + g. What is the hundreds digit of r?
5
Let l(a) = 2*a - 9. Let r be l(6). Suppose -2*m = r*m - 630. Suppose -2*v = -3*x - m, -5*x + 110 = 4*v - 2*v. What is the tens digit of v?
6
Let m(c) be the third derivative of c**6/30 - 17*c**5/20 + c**4/4 - 19*c**3/6 - 74*c**2. What is the hundreds digit of m(13)?
2
Let c(v) = -9*v**2 + 13*v - 6. Let z be c(10). Let i = 1346 + z. What is the tens digit of i?
7
Let h(c) = -c**3 + 20*c**2 - 25*c - 45. Suppose -11*r - 108 = -20*r. What is the units digit of h(r)?
7
Suppose -3*f = -28*f + 950. Let a = 484 - f. What is the tens digit of a?
4
What is the hundreds digit of (-120)/1380 - (-800680)/46?
4
Let q(l) = l**3 + 7*l**2 + l - 7. Let k be q(-11). Let n = k + 1127. What is the units digit of n?
5
Suppose -6*q - 64636 = -119*q. What is the hundreds digit of q?
5
Let a = -54 + 61. Suppose -6*j + a*j = 160. Suppose -z - 5*i + 44 + 1 = 0, -2*z + 4*i = -j. What is the tens digit of z?
7
Suppose -87934*d = -87926*d - 233816. What is the tens digit of d?
2
Let k(a) = 5*a**2 + 5*a + 2. Let q be k(-1). Suppose b - 1184 = q*u, 278 + 2114 = 2*b + 4*u. What is the hundreds digit of b?
1
Suppose 6453 = 4*o - s - 8218, 0 = -2*o + 2*s + 7328. What is the tens digit of o?
6
Let m(k) = k**2 + k - 1. Let i(w) = -2*w**3 - 3*w**2 + 11*w - 26. Let c(d) = i(d) - m(d). What is the tens digit of c(-6)?
0
Let h = 25 - 25. Suppose n + h*n - 608 = 0. Suppose -5*p + n = 183. What is the units digit of p?
5
Let z(d) = 27*d - 3. Suppose -5*f = -2*i - 0*f + 5, 40 = 3*i - f. Let n = i - 10. What is the hundreds digit of z(n)?
1
Suppose -133*d + 4*l + 344587 = -128*d, 2*l = -5*d + 344629. What is the thousands digit of d?
8
Suppose -5*d - 8*p + 3*p = -30, -2*d = -5*p + 16. Let a(x) = 2 + 0 + 4*x + 16*x**d + 26*x**2. What is the tens digit of a(-2)?
6
Suppose 4*l - 9*y = -10*y + 10415, 3*l = y + 7813. What is the thousands digit of l?
2
Suppose -3*x = -4*w - 22082, 3*x + 1005 = w + 23090. What is the thousands digit of x?
7
What is the hundreds digit of (-15)/20*(-215304)/9?
9
Let h = 397 - -1843. What is the thousands digit of h?
2
Let x(i) = 4*i**2 + 5*i**2 - 2*i**2 + 120 - 20*i - i**2 - 14*i. What is the tens digit of x(8)?
3
Let o(u) = 94*u - 10. Let y be o(4). Let d = y - -5. What is the tens digit of d?
7
What is the hundreds digit of 3*-2*682732/(-543)?
5
Suppose 0 = 3*u + 64*u - 0*u - 1111999. What is the tens digit of u?
9
Let x be 6/(-2) - (-12 + (-5 - -1)). Suppose -x*l + 6318 = -351. What is the units digit of l?
3
Let q(x) = -3*x + 4*x - 2 - x - 2*x. Let o be q(-3). Suppose o*h - 485 = 615. What is the tens digit of h?
7
Suppose -3*t - 10 = -2*p, 0 = t + 3 - 1. Let y(a) = -4 + p - 221*a + 240*a - a**2. What is the tens digit of y(11)?
8
Let r(l) = 56*l - 14. Let a = -37 - -41. Let k be r(a). Suppose -k = -2*p - 4*o, -5*p - 3*o = -p - 440. What is the hundreds digit of p?
1
Suppose o + 3017 = -5*d, 8*o = -5*d + 12*o - 3032. Let q = -79 - d. What is the tens digit of q?
2
Let a = 2161 + -1052. Suppose 2*t + a - 183 = 4*r, -t - 232 = -r. Suppose -r - 81 = -5*f + 2*i, i - 196 = -3*f. What is the tens digit of f?
6
Let o(p) = 348*p + 91 + 77 + 363*p - 698*p. What is the units digit of o(33)?
7
Let k(t) be the second derivative of 1/20*t**5 + 2/3*t**3 + 0 + 2/3*t**4 - 4*t + 3/2*t**2. What is the tens digit of k(-7)?
2
What is the ten thousands digit of (-16)/(-104) + 160/(-26) + (-6 - -10410)?
1
Let h = -21 + 29. Let s(n) = n**2 - 10*n + 24. Let r be s(h). What is the units digit of (r - 3)/(2/10)?
5
Suppose 32*m - 5*v = 36*m - 29571, 0 = 2*m - v - 14775. What is the units digit of m?
9
Let p(q) = 37*q - 56. Let o be p(2). Suppose 0 = 4*x - 5*b - 1644, x - 14*b = -o*b + 390. What is the tens digit of x?
0
Suppose -18*z = -0*z - 4*s - 1192286, 198731 = 3*z - 4*s. What is the thousands digit of z?
6
Let x(d) = -83*d**3 - 15*d**2 - 13*d. Let s(y) = 41*y**3 + 8*y**2 + 7*y. Let f(n) = -11*s(n) - 6*x(n). What is the tens digit of f(2)?
8
Let s be 6/(-4) + ((-35)/(-10))/(-7). Let q be -1*s/4*(3 - 3). Let h(k) = k**3 + k**2 + 2*k + 118. What is the hundreds digit of h(q)?
1
Let x(i) = 2*i**3 + 6*i**2 - 5*i - 9. Let n be x(-5). Let o = -79 - n. Suppose -b + 2 = 0, -b + 154 = o*h + 32. What is the tens digit of h?
2
Let l = 56 + 55. Let b = l - 79. Suppose b + 85 = 3*v. What is the tens digit of v?
3
Let m(v) = -v**3 + 16*v**2 - 19*v + 3. Let i be ((-104)/(-24) + -7)*9/(-4). What is the units digit of m(i)?
9
Let w(j) = -12*j - 11 + 3 - 4 + 4. Let s(g) = -3*g**2 - 1. Let i be s(1). What is the tens digit of w(i)?
4
Let s be (12/(-8) + 1)*(-1 + 1). Suppose -3*c = -s*c - 9. Let j(x) = -x**3 + 5*x**2 - 5*x + 5. What is the units digit of j(c)?
8
Let w be 1*-1 + 4 + 36/(-18). Let f be w*(-170)/51*6/(-5). Suppose 0 = -4*i - 4*z + 224, 0*i = -f*i + z + 214. What is the units digit of i?
4
Suppose -818*j = -831*j + 6630. What is the units digit of j?
0
Suppose 5*l + 4*v = 835 - 235, v = 2*l - 227. Let i be l/14 + 12/(-42). Let a(s) = s**3 - 8*s**2 + 9*s + 19. What is the units digit of a(i)?
1
Let v(o) = 4*o**3 + 3*o**2 + 16*o - 34. Let h(c) = -c**2 + 15*c + 41. Let t be h(17). What is the hundreds digit of v(t)?
5
Suppose 0 = 6*r - 0 - 0. Suppose x - 5*h = 446, x + 5*h - 446 = -r*h. What is the units digit of x?
6
Let x(h) = 66*h + 299. Let g(v) = 22*v + 99. Let z(p) = -8*g(p) + 3*x(p). What is the tens digit of z(18)?
0
Suppose 0 = -5*y - x + 75 - 25, 21 = 4*y - 3*x. Suppose y*u = 1577 + 70. What is the units digit of u?
3
Suppose 23 = 6*o + 5. Suppose -z = 2*z + 4*a - 1127, o*z - 5*a = 1082. What is the tens digit of z?
6
Let l = 7561 - -2489. What is the hundreds digit of l?
0
Let l = 380 - 299. What is the units digit of l?
1
What is the tens digit of ((-8258607)/(-225) - (-24)/300) + -11?
9
Let h(x) = 4*x + 18. Let n be h(-4). Suppose -n*k = k - 99. What is the units digit of k?
3
Let k be 12/48 + 7/4. Suppose k = 4*z - 18. Suppose -z*n + 997 = b, 2*n - b = -0*b + 396. What is the units digit of n?
9
Let j(k) = -k + 1. Let t(v) be the first derivative of -3*v**2/2 - 20*v + 7. Let c(q) = 2*j(q) + t(q). What is the tens digit of c(-11)?
3
Let w(b) = b**2 - 12*b - 36. Let l be w(-12). Let t = l + -156. Let i = -90 + t. What is the units digit of i?
6
Let p be (-6)/(-51) + (-192)/(-102). Suppose -p*v + 143 + 747 = 0. What is the tens digit of v?
4
Let a(z) = -22 + 10*z + 7 + 11. Let c(i) = -i - 1. Let r(k) = -a(k) - 3*c(k). What is the tens digit of r(-9)?
7
Let s(t) = 11*t + 128. Let o be s(-12). What is the units digit of o - (-595 - (-8 - -2))?
5
Suppose 0 = -35*z + 31*z + 1028. Suppose -7*b + 352 = -z. What is the units digit of b?
7
What is the tens digit of -9*(-502)/(-2 - (-160)/65)?
8
Let k = 38 - 31. Let w be k/((-42)/(-9))*-2. Let y(d) = 3*d**2 - 6*d - 6. What is the tens digit of y(w)?
3
Let d(g) = -3*g**2 + 147*g + 106. Let j be d(50). Suppose -2*n - 5 + 1 = 0. What is the hundreds digit of n/(-11) - 4524/j?
1
Let h = 21305 - -9060. What is the hundreds digit of h?
3
What is the tens digit of (-9)/((-225)/(-10)) + (-43764)/(-10)?
7
Suppose -46*m + 345588 + 568846 = 0. What is the hundreds digit of m?
8
Let v(i) = 327*i + 49. Let t be v(5). Let f = -784 + t. What is the units digit of f?
0
What is the tens digit of 7 - (-1075)/(-150) - 61357/(-6)?
2
Let r be 1/((-6)/(-1170)) + 2. Suppose z - 16 - r = 0. What is the tens digit of z?
1
Suppose 5*a - 126*u - 9139 = -122*u, -u = -5*a + 9136. What is the units digit of a?
7
Let a = 8706 + -2374. What is the thousands digit of a?
6
Let l = 60 - 48. Let o(i) 